 110 = 0, 0 = -5*a - 13*x + 11*x - 89. Let i(j) = -2*j**3 - 38*j**2 - 3*j - 54. Give i(a).
3
Let v(m) = -17*m + 175. Suppose 56 = 5*q + 3*i, 2*i + 14 = 5*q - 32. Let c be v(q). Let r(a) = -6*a + 5. Give r(c).
-25
Let n be (4 - 220/(-15))*12/14. Suppose n = -183*h + 191*h. Let k(y) = 10*y**2 - 2*y - 2. Give k(h).
34
Suppose 0 = 4*b - 24 + 4. Let k = b + -3. Let g(l) = l + 11*l**2 + 9*l**k - 2 + l**3 - 17*l**2. Determine g(-3).
-5
Let c(o) = 7*o + 39. Suppose 214*w = 313*w + 891. What is c(w)?
-24
Let n(c) = 3*c + 60. Let i(r) = 3*r + 59. Let h(u) = 5*i(u) - 6*n(u). Let a be h(-20). Let q(k) be the third derivative of k**4/24 + k**3/2 + k**2. Give q(a).
-2
Let o(x) = 23*x + 13. Suppose -4*q + 2*q = 2*s + 42, 4*s = 5*q + 69. Let w(y) = 8*y + 4. Let i(h) = q*w(h) + 6*o(h). Suppose -5*k = 53 - 18. Give i(k).
-4
Let n(f) = 19904*f**2 - 39797*f**2 + 19891*f**2 + 9*f - 11. What is n(6)?
-29
Suppose 0 = -5*m - j + 164, 3*j = -2*m + 82 - 19. Suppose 2*y + 6 = -g - 2, -5*g - 3*y - m = 0. Let o(t) = -t**2 - 3*t + 6. Determine o(g).
-12
Let s(o) = -o**3 + 3*o**2 - o - 4. Let k be 3 + 2*((-2)/(-7))/(380/(-4655)). Determine s(k).
112
Let b(j) = 1 + j + 5 + 2*j**3 + 2*j**2 - j**3 - 2*j - 1 - 1. Let m = 0 + -3. What is b(m)?
-2
Let z(y) = -332*y + 7. Let c(n) = 776*n - 14. Let i(m) = 3*c(m) + 7*z(m). Let u = -5 + 0. What is i(u)?
-13
Suppose -6*g + 38*g - 7936 = 0. Let l(u) = 254*u**3 - 7*u - 501*u**3 - 6*u**2 + g*u**3. Suppose -4*b = -7 + 3, -x + 4 = -3*b. Determine l(x).
0
Let o be (2/2)/(5/(-2154 - 1)). Let j = o + 431. Let v(h) = -h**3 + h**2 + h + 2. What is v(j)?
2
Let n(b) = -5*b + b**3 + b**3 - 62327 + 9*b**2 + 62322 - 4*b**3. Give n(3).
7
Let j = -12 + 19. Let x(u) be the first derivative of -u**4/12 + u**3/3 - 17*u**2 + 7. Let n(b) be the second derivative of x(b). Give n(j).
-12
Let p(f) be the third derivative of f**6/120 + f**5/5 + f**4/2 - 5*f**3/6 - 24*f**2 - 10*f + 1. Suppose 3*r - 5 = -38. Give p(r).
-16
Let k(p) be the third derivative of 5*p**4/6 - 549*p**2 + 2*p. Give k(-1).
-20
Let u(f) = 8*f**2 - 5 - f**2 - 6 - 5*f**2 + 0*f**2. Calculate u(-5).
39
Let k(f) = -2 - f**2 + 4*f**2 + 3 - 4*f. Let q = -52989 - -52992. Determine k(q).
16
Let z(u) be the third derivative of -4*u**2 + 1/15*u**5 + 1/360*u**6 + 0 + u**3 + 5/24*u**4 + 0*u. Let d(b) be the first derivative of z(b). Give d(-5).
-10
Suppose 11*l = -14*l + 2755 - 2955. Let a(y) = -y**3 - 9*y**2 - 11*y - 24. Determine a(l).
0
Let l(d) = -9*d**2 + 29*d + 6. Let j be l(10). Let o = 587 + j. Let p(b) = b**2 + 16*b - 23. Determine p(o).
-6
Let a(b) = b**2 + 10*b. Let w(u) = u**2 + 11*u. Let d(c) = 6*a(c) - 5*w(c). Suppose -2*f - 432 + 398 = 4*o, 0 = 4*o - 3*f - 1. What is d(o)?
0
Let z(a) = a**2 - 5*a - 6. Let y be (-299)/11 + (32/44)/4. Let x = y - -29. Suppose 3*i + 2*k - 29 = 0, 5*i + x*k - 39 = k. Calculate z(i).
8
Let n(s) = 67*s**2 - 66*s**2 - 12*s + 1 - 12 + 44. Calculate n(5).
-2
Let k(t) be the first derivative of 37*t**2/2 - 15*t - 1076. Determine k(2).
59
Let p(b) = 467 + 464 + 467 + 455 - 1872 - 49*b. Give p(-1).
30
Let k(d) be the second derivative of -d**3/6 + d**2 + d. Let n(q) = -731*q - 48974. Let t be n(-67). Determine k(t).
-1
Suppose 0 = q - 4*s - 7, 5 = q + 5*s + 7. Let g(w) = -w + 1. Let k(a) = 6*a + 2. Let y(c) = 5*g(c) - k(c). Calculate y(q).
-30
Let o(i) = -652*i - 7 + 322*i - 38 + 324*i. Determine o(-8).
3
Let q(y) = y**3 - 12*y**2 - 7*y - 29. Let d be (-2325)/5425 - (-188)/14. What is q(d)?
49
Let q(z) = 1. Let b(n) = -7*n - 8. Let a(w) = -b(w) - 4*q(w). Let h(t) = 9*t + 5. Let u(o) = -5*a(o) + 4*h(o). Give u(-1).
-1
Let g = 4797 - 4794. Let i(x) be the second derivative of 18*x + 1/2*x**g + 0*x**2 + 1/3*x**4 + 0. Give i(-2).
10
Let v(p) = -p**3 + 11*p**2 + 27*p - 8. Let k be v(13). Let i(n) = -16 - 9*n + 0*n + k*n + 7*n. What is i(6)?
2
Suppose 5*w - 2*w + 5*z = 2, -6 = -4*w - 5*z. Suppose 0 = -g + w, 2*p + 0*g = 3*g + 556. Suppose p*r = 288*r + 8. Let k(n) = n**3 + 3*n**2 + 2*n - 2. Give k(r).
-2
Let x(z) = z**2 + 4*z - 6. Let a be 74/30*(1 + 2)*5. Suppose 132 = -19*w + a. Give x(w).
-1
Let z(o) be the first derivative of o**5/20 - o**4/3 - 2*o**3/3 - 7*o**2/2 + 112*o + 46. Let s(t) be the first derivative of z(t). What is s(5)?
-2
Let p(f) = -f**3 - 2*f**2 + f. Let r = -24 + 176. Let n = r + -91. Let x = 62 - n. Determine p(x).
-2
Let z(c) = c**3 + 54*c**2 + 152*c - 49. Suppose 3*q - k + 151 = 0, -5*q - 107*k = -105*k + 259. Give z(q).
2
Suppose 2*y + 0*y - 36 = 4*f, -3*y = -f - 24. Let g(c) = -3*c - 3. Let t be g(-4). Let r(d) = -15*d**2 - 5*d + t - 2 - d**3 + 8*d**2. Calculate r(f).
1
Let w(a) = -a**2 + 39*a + 9 + a**2 - 17*a + 2*a**2 - 54*a. Give w(13).
-69
Let w(u) = u**2 - 4*u - 12. Let p be w(8). Let o(d) = d**2 + 14*d + 10. Let m(b) = -b**2 + 3*b - 3. Let z(f) = -2*m(f) - o(f). Calculate z(p).
-4
Let f(h) = -h**3 + 10*h**2 - 3*h + 12. Let g = 291 + -487. Let k = 206 + g. Determine f(k).
-18
Let d be 240/75 + -1*4/(-5). Suppose -2*t + 0*t + d*l = -6, t + 3*l = 8. Let q(r) = -2*r**2 + 6*r + 6. What is q(t)?
-14
Let h(q) = -112*q**2 + 111*q**2 - 19 + 27*q + 7 - 14*q. What is h(12)?
0
Let c(w) be the second derivative of w**4/12 + 17*w**3/3 + 11*w**2 - 2865*w. Give c(-34).
22
Let l(z) = 32*z**3 - 17*z**2 + 84*z - 74. Let h(y) = 17*y**3 - 8*y**2 + 41*y - 32. Let t(x) = -15*h(x) + 8*l(x). Give t(12).
-4
Let i(c) = 4*c - 15. Let a(k) = -3*k + 14. Let x(p) = 6*a(p) + 5*i(p). Let s = 390 - 357. Suppose 39*o - s*o + 42 = 0. What is x(o)?
-5
Let f(h) = 3*h**2 + 14*h + 24. Let r be f(0). Let n(g) be the first derivative of 1/3*g**3 - 3*g + 5/2*g**2 + r. Give n(-5).
-3
Let s be ((-1)/(-8))/(2/944). Let q = s + -66. Let p(v) be the third derivative of v**5/60 + 3*v**4/8 + v**3 - 2*v**2. Calculate p(q).
-8
Let a(v) = v**2 + 1. Let q(m) = -m**3 - 2*m**2 - 1. Let u(r) = -2*a(r) + q(r). Let k(z) = -2*z**2 - 7*z. Let c be (8/(-6))/4*(9 - -3). Let p be k(c). Give u(p).
-3
Let r(x) = -x**2 + 0*x**2 + 7914*x - 88 - 7939*x. Determine r(-21).
-4
Suppose 0 = y + 4*g - 27, 0 = 2*y + 3*y - 2*g - 69. Suppose y*n = 10*n. Let d(o) = 2*o + 3 - 3*o - 2. Give d(n).
1
Let z(b) be the second derivative of 7*b**3/6 - 3*b**2 + 2*b. Suppose 4*v + 3*s = -8, 61*s - 32 = 65*s. What is z(v)?
22
Let n(v) be the first derivative of -4*v**3/3 + 51*v**2/2 + 20*v + 591. Give n(13).
7
Let r(i) = 19*i**3 + i**2 + 64*i - 34. Let l(v) = -7*v**3 - 22*v + 11. Let p(a) = 11*l(a) + 4*r(a). Give p(6).
-3
Let r(k) = -4*k + 2. Let g be r(0). Suppose 0 = -s - 3, -3*f = -4*f - g*s - 2. Let l(z) = 6 + 6*z**2 - 7*z - 1 - 5*z**2. What is l(f)?
-7
Let q(x) be the first derivative of 5*x**2/2 + 21*x + 61837. Let b(h) = -3*h**2 + h. Let w be b(-1). Determine q(w).
1
Let x(j) = j - 16. Suppose -9*v - 192 + 282 = 0. Let n = 1 + v. Give x(n).
-5
Let q be (-1)/1*-7*1. Let c(d) be the second derivative of -d**5/20 + 2*d**4/3 - d**3 - 7*d**2/2 + 871*d. What is c(q)?
0
Let i be ((-10)/6)/(7/126*6). Let h(l) = 2*l + 1. Give h(i).
-9
Let u(h) be the third derivative of -h**5/120 + 11*h**4/24 - 35*h**3/6 - 7*h**2 - 8. Let s(m) be the first derivative of u(m). Calculate s(-8).
19
Let k = 472 + -469. Let u be (-34)/10 + k/(-5). Let w(i) = i**2 - 5*i + 3. Determine w(u).
39
Let d be 26/(-10) + 4/(-10). Let j(x) = -7*x - 1. Let f(i) = -39*i - 1. Let z(c) = f(c) - 4*j(c). Determine z(d).
36
Suppose 3*c = -33 + 81. Let l be 0 + 11/(44/c). Let p(m) = -m**3 + 4*m**2 - 2*m + 1. Calculate p(l).
-7
Suppose -3*f - 9 = z, -3*f - 39 = -4*z - 0*f. Suppose -39 + 63 = z*c. Let p(y) = -y**3 + 4*y**2 - 6*y + 3. Determine p(c).
-21
Let t be 1*7/1 - 0. Let k(g) = -599*g - 21. Let y(b) = 109*b + 4. Let m(z) = 2*k(z) + 11*y(z). What is m(t)?
9
Let d(i) = 2*i - 108. Let a be -2 - ((-2)/(-12))/(43/(-13674)). What is d(a)?
-6
Let w(y) = 11*y - 18950 - 18906 + 37712. Give w(12).
-12
Let j(b) = -2*b**3 + 19*b**2 + 8*b - 9. Suppose 3*d + 2*a = 46, -16*d - 4*a + 72 = -12*d. Give j(d).
-29
Let d(v) be the third derivative of v**4/4 - 71*v**3/6 - 2*v**2 + 59*v. What is d(25)?
79
Let c(h) = -3*h + 20. Let j be c(8). Let q = j - -15. Suppose 6*v + 3*a = 5*v - q, -v + 2*a = -14. Let u(y) = -y**2 + 4*y - 4. Calculate u(v).
-4
Let c(q) = -1798 + 868 + 867 - 4*q. Calculate c(-19).
13
Let l(u) = u**3 + u**2 - u. Let s be l(2). Suppose -5*w + s = -0*w. Let k(o) = -